 and 40?
5
Suppose 3 + 3 = 3*u. Suppose -u*l + 40 = -16. Calculate the highest common divisor of 4 and l.
4
Let o(p) = -p**2 - 11*p - 5. Let i be o(-6). Let s = 15 - 12. Suppose -a + 4*u - s = -4, 2*a - 11 = -u. Calculate the highest common factor of i and a.
5
Let q(v) = -v**3 + 4*v**2 + v + 9. Let j be q(4). Calculate the greatest common divisor of 26 and j.
13
Suppose 0 = o - 0*o - 14. Let s be (-2)/8 + 29/4. What is the greatest common factor of s and o?
7
Let j(h) = h - 1. Let b be j(3). What is the highest common factor of b and 7?
1
Suppose 23 = 3*g - 7. What is the highest common factor of 40 and g?
10
Let z be (8/(-10))/(0 + (-5)/50). What is the greatest common divisor of z and 16?
8
Suppose -3*g - 4*b + 40 = 0, -2 + 58 = 5*g + 4*b. What is the greatest common divisor of g and 56?
8
Suppose -5*z = -2*y + 71 + 30, -2*z = 5*y - 238. Calculate the greatest common factor of y and 8.
8
Let g be (3 - 4)/((-1)/15). What is the greatest common factor of 30 and g?
15
Let n(b) = -b**2 + 9*b + 15. Let m be n(8). Suppose -5*s + 6 = -4. Let w be s/(2/2) - -90. What is the highest common factor of m and w?
23
Let b be (-3 + 2)*-2*-2. Let k be (-138)/b - 6/(-12). Calculate the highest common factor of 5 and k.
5
Let o(h) = 5*h - 3. Let u be o(9). Calculate the highest common factor of u and 28.
14
Let d be (0/(-1))/(1*-1). Suppose 5*i = 1 + 19, d = 3*y + 5*i - 44. Let z be 1 + (11 - -2) + -2. Calculate the highest common divisor of y and z.
4
Let k be -2*(-3)/6 - -4. Suppose -3*u + 63 = 3*m - 0*u, 80 = 4*m + 5*u. What is the greatest common factor of k and m?
5
Let y(w) = w**2 - 3*w + 3. Suppose 0*j + 1 = -n - j, 9 = -n - 3*j. Suppose -n*g - 2*g = -45. Let d be y(g). What is the greatest common factor of 19 and d?
19
Let i(j) = j**3 - 8*j**2 + 12. Let u be i(8). Calculate the greatest common factor of u and 8.
4
Let z = 0 - 1. Let i = 3 - z. Let w be i - 3/9*0. What is the highest common factor of w and 12?
4
Let a(z) = 7*z**2 - 4*z + 3. Let r be a(2). What is the greatest common factor of 161 and r?
23
Suppose -b - 99 = -3*f + 2*b, 0 = 2*f + b - 72. Calculate the greatest common divisor of f and 315.
35
Suppose -o + 49 - 14 = 0. Suppose -o - 13 = -3*m + 4*k, -3*m - k = -63. What is the greatest common factor of m and 40?
20
Let v = -35 + 163. What is the highest common factor of v and 16?
16
Let d be ((-100)/(-10))/(4/18). What is the greatest common divisor of 9 and d?
9
Let p(h) = -h**3 + h**2 + h + 16. Let x be p(0). Let a = 45 - 43. Calculate the highest common divisor of x and a.
2
Suppose 8 = q + 1. Let m = 22 - q. Calculate the highest common divisor of m and 75.
15
Let l(f) = -f**2 + 6*f + 7. Let h be l(5). Let s be ((-1)/(-2))/(1/h). Suppose -3*x + 24 = -s. Calculate the greatest common divisor of x and 20.
10
Let g = -185 - -262. Suppose g - 8 = 3*h. What is the greatest common divisor of h and 207?
23
Let l be (-14 - -2 - 1)/(-1). What is the highest common divisor of 52 and l?
13
Let x = 167 - 68. What is the greatest common factor of x and 11?
11
Let a(g) = -g**2 - 8*g + 9. Let j be a(-9). Suppose -u + j*u + 4 = 0. Suppose u*s = s + 312. Calculate the highest common factor of s and 13.
13
Suppose -3*i + k = 2*i - 24, -2*i - 2*k = -12. What is the greatest common divisor of i and 20?
5
Let n(r) = 5*r. Suppose -2*p + 3*p + 2 = 0, 5*u - 5*p - 35 = 0. Let k be n(u). Suppose 0 = -3*b - 1 + k. Calculate the highest common divisor of b and 8.
8
Let y(v) be the second derivative of v**3/6 + v**2 - 2*v. Let u be y(9). What is the greatest common divisor of 121 and u?
11
Suppose 0*d - d + 40 = -4*o, 5*d - 128 = 2*o. Let t be 3 + 3 + -3 + 0/1. What is the highest common factor of d and t?
3
Suppose -p + 3*v = -1, -4*p - 5*v = -3 - 18. Suppose 5*a - 30 = -5*z, p*a + 0*z + 5*z = 28. What is the highest common factor of 10 and a?
2
Suppose 2*f = 2*s + 3*s + 12, -4*s = -f + 9. Let o be (2 + -3)/1*f. Let t be o/(2 - 38/18). What is the highest common divisor of 18 and t?
9
Let m = 40 - 28. Let z be 2/8 - 191/(-4). What is the highest common factor of z and m?
12
Let c = -6 + 11. Suppose 2*f + 31 - 41 = 0. Calculate the greatest common factor of f and c.
5
Let g(i) = -5*i + 4*i + 2 + 6. Let z be 0/(-3 - (-1)/1). Let t be g(z). What is the highest common divisor of 4 and t?
4
Let c(i) = -i - 2. Let u be c(-3). Let g be (4 + 0 - u) + -1. Suppose g*o + 22 = 122. What is the highest common divisor of 10 and o?
10
Suppose -2*u + 75 - 29 = 0. Suppose a + 4*z - 35 = 0, 2*a + 2*a = -z + 95. What is the greatest common divisor of u and a?
23
Let m(a) = -a**3 - 8*a**2 - 11*a - 8. Let x be m(-7). What is the greatest common factor of 8 and x?
4
Let x = 1 + 11. Let o(b) = -3*b - 2. Let f be o(-2). Suppose -5*u + 132 = -f*u. Calculate the greatest common factor of u and x.
12
Let i = -10 - -14. Suppose 0*x + 1 = x. Suppose -x = -2*f + 3. Calculate the greatest common divisor of i and f.
2
Let d be 41 + 1 + -1 + 1. Let z(j) = j**2 + 2*j + 6. Let s be z(0). Calculate the greatest common divisor of s and d.
6
Let y be ((-73)/2)/(2/(-8)). Suppose y + 64 = 6*g. What is the greatest common divisor of g and 7?
7
Let u be (-1 - 2)/(1*-1). Suppose 62 = u*t + a, 0 = -2*a - 4 - 4. Calculate the highest common divisor of 33 and t.
11
Suppose 0 = 4*w - 8. Let x(t) = 5*t**2 - 4*t + 3. Let p be x(w). What is the greatest common divisor of 135 and p?
15
Suppose 3*q - 12 = 69. Calculate the highest common divisor of q and 18.
9
Let n be (-22)/33 + 128/3. Let x = 17 + -11. Calculate the highest common divisor of n and x.
6
Let g(c) = -c**2 + 4*c. Let w be g(5). Let y(n) = -n**3 + 6 + 0*n**3 + 3*n**2 - 8*n**2. Let h be y(w). What is the greatest common divisor of h and 4?
2
Let n = 147 - -150. Calculate the greatest common divisor of n and 27.
27
Let q(l) be the second derivative of l**4/12 - l**3/2 + l. Let o be q(6). Calculate the highest common divisor of o and 144.
18
Suppose -4 = 2*o - 10. Let f be o/5 - (-1881)/15. What is the highest common factor of f and 14?
14
Let y be 264/27 + 2/9. Let p be (-2)/y + (-82)/(-10). Calculate the greatest common divisor of p and 40.
8
Suppose -2*u + 4 = 4*m, u + 9 = 2*m - 1. Let k be ((-44)/(-8))/((-2)/u). Calculate the greatest common factor of k and 99.
11
Let j(u) = 2*u - 3 + 5*u**2 + 4*u**2 + 2 - u**2. Let n = 2 - 1. Let q be j(n). What is the greatest common divisor of q and 36?
9
Let f(w) be the second derivative of 3*w**3/2 + 9*w**2/2 - 3*w. Let r be f(9). Let j be 35 + (-2 - (-3 - 0)). What is the greatest common divisor of r and j?
18
Suppose k + 5*k - 1164 = 0. Suppose 4*w = -4*g + 152, k = 5*w - g + 2*g. Calculate the greatest common divisor of 13 and w.
13
Suppose 0 = -4*y - 3*g + 189, -2*g = 3*g + 25. Calculate the highest common divisor of y and 357.
51
Let j = -67 - -112. Suppose v = -4*v + j. Calculate the greatest common factor of v and 99.
9
Let j(v) = 3*v**2 + v + 20. Let r be j(0). What is the highest common divisor of r and 160?
20
Suppose 3*x + 17 - 98 = 0. Calculate the greatest common divisor of x and 9.
9
Suppose q - 11 = -4*z, 2*q = -3*z - z + 26. Let l be q/(-1 - 15/(-12)). Let f be 23 + (-3*1)/(-3). What is the highest common factor of l and f?
12
Let g be (2/(-2))/((-1)/5). Let p be ((-2)/g)/((-5)/200). What is the highest common divisor of p and 16?
16
Let k be (12/(-5))/(6/(-15)). Let u(y) = y**3 + 6*y**2 - 7. Let h be u(-5). Calculate the greatest common divisor of k and h.
6
Let r = -2 + 9. Suppose 10 = -0*f - 5*f. Let q be 2 + 9*r + f. Calculate the greatest common factor of q and 9.
9
Let d = 45 - 25. Calculate the highest common divisor of 35 and d.
5
Let f = -6 - 0. Let v be (1 - (-3)/f)*8. Let w(d) = -d**2 - 6*d + 8. Let j be w(-6). What is the highest common factor of j and v?
4
Let f = -27 + 77. Let i = 2 + 8. What is the highest common divisor of f and i?
10
Suppose 0 = -2*h + 4 - 2. Let w be (168 - h) + -1*2. What is the greatest common factor of w and 15?
15
Suppose -3 = -v - 0. Let x be (12/15)/((-2)/(-5)). Let u be x + 0 + 2 + -1. Calculate the highest common factor of v and u.
3
Suppose 0 = 5*k - 912 + 197. Calculate the greatest common factor of k and 13.
13
Suppose 0 = -3*s + 8 + 13. Suppose 77 = s*x - 0*x. Calculate the highest common factor of 55 and x.
11
Suppose 362 = 6*u + 74. Calculat